rs of g(d).
2, 13
Let q(k) = 4*k**2 - 20*k + 88. What are the prime factors of q(10)?
2, 3
Suppose -21 = -4*x + 7. Suppose -x*u + 30 = -8*u. What are the prime factors of (-30)/(-4)*u/(-9)?
5
Let k be (-2 - (-28)/(-3))*12. Suppose -j + 91 = -q, 273 = -3*q + 22*j - 17*j. Let s = q - k. List the prime factors of s.
3, 5
Let g(r) = -2 + 99*r**2 - 2*r - 13*r**2 + r + 50*r**2. What are the prime factors of g(-1)?
3, 5
Suppose 3625 + 1775 = 8*w. List the prime factors of w.
3, 5
Let f(t) be the second derivative of 13/12*t**4 + 0*t**3 - 1/20*t**5 - 8*t + 0 + 9/2*t**2. What are the prime factors of f(13)?
3
Let p = 6 - 3. Suppose -p*j + 21 + 45 = 0. Let g = j + -8. What are the prime factors of g?
2, 7
Let p be (169/26)/(1/2). Let g = p + 22. Let q = -31 + g. List the prime factors of q.
2
Suppose 5*y = -q + 253 + 143, -3*q = y - 82. List the prime factors of y.
79
Let b(n) = n**2 + 1. Let r be b(3). Suppose s + 2 = -r. List the prime factors of s/8*38/(-3).
19
Suppose -b - 10*b + 2343 = 0. List the prime factors of b.
3, 71
Suppose -2*m + 2074 = -4*u, -6*m + 2*u = -m - 5169. What are the prime factors of m?
1033
Suppose 4*j + 3*o - 1945 = 0, -5*o = -o + 4. What are the prime factors of j?
487
Let g(m) = -m**3 + m**2 + m - 2. Let c be g(0). Let a be 9120/(-39) + c/13. List the prime factors of 6/4*a/(-27).
13
Let w be (-42)/(-12) - (-1)/(-2). Suppose -b = -w*b + 6. Suppose 23 = b*s - 4*g + 8, 5*g + 3 = 2*s. List the prime factors of s.
3
Suppose 0 = -n - 1393 + 2479. List the prime factors of n.
2, 3, 181
Let t(y) = -766*y + 16. List the prime factors of t(-5).
2, 3, 641
Suppose 7*n + 6*n = 39. Suppose 0 = 3*q - u - 352, 190 = n*q - 3*u - 164. What are the prime factors of q?
3, 13
Suppose -364 = 4*h - 0*h. Let m be h/(-26) - 2/(-4). Suppose -24 = -m*a + 4. List the prime factors of a.
7
Suppose -11*q + 67 = -10. Let s = q + 200. List the prime factors of s.
3, 23
Suppose 0 = -0*a - 7*a - 42. List the prime factors of (a/(-9) - (1 - 0))*-48.
2
Suppose -v - 912 = -13*v. What are the prime factors of v?
2, 19
Let a = 60 + -57. Suppose 2*s = -a*w + 331, -5*w + 4*s + 515 = -0*s. What are the prime factors of w?
107
Let l(f) = -f**3 + 7*f**2 - 4*f - 5. Let m = 2 + 2. Suppose -b + 10 = m. What are the prime factors of l(b)?
7
Let w(j) = j**3 + 8*j**2 + j - 10. Let x be w(-6). What are the prime factors of (-8)/x - 380/(-14)?
3
Suppose 2*k + 3*k = 3*k. Suppose -q + 0*m - 2*m + 270 = 0, -q + 3*m + 275 = k. List the prime factors of q.
2, 17
Let j(b) = -6*b + 1. Let g be (-6)/(-27) - (-550)/(-45). Let c = -15 - g. What are the prime factors of j(c)?
19
Suppose -u + 50 = 4*u. Let z = -4 + u. What are the prime factors of 28 + (z + -4 - 3)?
3
Suppose 4*d = 0, 3*g - d = 2*d + 48. Suppose -w = -61 + g. Let k = -29 + w. List the prime factors of k.
2
Suppose 44*t = 19755 + 20769. What are the prime factors of t?
3, 307
Let l = 653 - 211. What are the prime factors of l?
2, 13, 17
Suppose 104 - 24 = 4*w. List the prime factors of ((-11)/(-22))/(2/w).
5
Suppose -4*b = 3*f - 6, -3*f + 3 = 2*b - 3. Suppose b = -v + 5*v - 12. Let a(p) = 9*p - 4. List the prime factors of a(v).
23
Let z(b) = 5*b - 3. Let s be z(3). Let j = 276 + -276. Suppose g + 10 - s = j. List the prime factors of g.
2
Let d(u) = -5*u**2 + 16*u - 4. Let f(p) = 4*p**2 - 17*p + 5. Let q(n) = -3*d(n) - 4*f(n). List the prime factors of q(8).
2, 11
Let z be (-262)/(-4) - (-8)/(-16). Let v be -3*(1 - 15/9). Suppose z = -2*f + 5*f + 2*y, -f + v*y = -19. List the prime factors of f.
3, 7
Suppose -297 + 7233 = 12*o. List the prime factors of o.
2, 17
Suppose 3*q - 396 = 3*u, -3*q + 8*q = -5*u - 630. Let d = -58 - u. Suppose 4*g + h = -0*h + 72, 3*g + 5*h - d = 0. List the prime factors of g.
17
Let l be 245/1 - -2*2. Suppose 2*x - 2*u = 102, 5*x - l = -0*x + 2*u. List the prime factors of x.
7
Suppose 5*k - 5*m = -20, k + 5 = 2*m - 0*m. Let l = 6 + k. Suppose 0 = -u + 2*y - 4 + 41, 5*y = l*u - 106. What are the prime factors of u?
3
Let i(k) = -5*k**3 + k**2 + 2*k + 1. Let s be 36/27*(0 + -3). Let a(y) = 2*y + 6. Let n be a(s). What are the prime factors of i(n)?
41
Suppose 2 + 32 = -2*b + 4*r, -4*b - 48 = -3*r. Let v be 2 - (3 + -2 + -5). What are the prime factors of v/(-2) + (-72)/b?
5
Let i = 1397 - 718. What are the prime factors of i?
7, 97
Let k(h) = -h**2 - 13*h + 3. Let m(i) = i**2 + 8*i + 7. Suppose 3*n = 5*z - 30, 0 = -2*n + 5*z - 36 + 11. Let x be m(n). List the prime factors of k(x).
43
Let t(k) = -14*k + 3. Let f(u) = -7*u + 1. Let o(i) = 13*f(i) - 6*t(i). Let y be o(-8). Let p = -30 + y. What are the prime factors of p?
3, 7
Let g be (-2406)/(-15) + 2/(-5). Suppose g = 6*u + 40. List the prime factors of u.
2, 5
Suppose -3*t + 6*t = 15. Suppose -2*m = -2*o + 36, 0*m - t*m = -25. What are the prime factors of o?
23
Let r = 22 + -13. Suppose -14*f = -r*f. Suppose -5*b + f*b = -120. What are the prime factors of b?
2, 3
Let j(a) = 9*a**3 + 5*a**2 - 2*a + 6. Let u be j(-5). What are the prime factors of u/(-30) - (-2)/10?
3, 11
Let x = -24 + 28. Suppose 0 = -4*l - 3*g + 44, l + 2*g = 2 + x. What are the prime factors of (-1 + l)*(-8 + 12)?
2, 13
Let u(z) = 4 - z - 7 - 125*z**3 + 2*z - 4*z. List the prime factors of u(-1).
5
List the prime factors of -2 - -3*11600/24.
2, 181
Let p(x) = -x**3 - 8*x**2 - 9*x - 11. Let u be p(-7). Suppose 3*n = 4*i + 24, u*n + 5*i = -0*n - 3. Suppose -n*j = -55 - 137. What are the prime factors of j?
2, 3
Let w be 4/4 + -4 - -14. Let d = 8 + -16. Let h = w + d. What are the prime factors of h?
3
Suppose 159*q - 198*q + 210366 = 0. List the prime factors of q.
2, 3, 29, 31
Let b = -10 - -46. Suppose -b = -5*q + 4. List the prime factors of q.
2
Suppose 5*g = 5*z + 375 - 120, 4*z - 41 = -g. Suppose -4*k = -159 - g. Suppose 3*s + k = 2*w, -118 = -4*w - 4*s + 3*s. What are the prime factors of w?
29
List the prime factors of 4/(-8) - 822/(-4).
5, 41
Suppose s + 5*v + 13 = 0, 0 = -4*s - 2*v - 0*v + 38. Let i be 4/s*(1 - 160). Let u = i - -84. What are the prime factors of u?
31
Let v be 2/(-2)*(-8)/2. Let u be 69/3 - (-4)/v. Suppose 58 = g + u. What are the prime factors of g?
2, 17
Let i be -7*(-3)/(42/4). Let c = -2 + 8. List the prime factors of -3*(i + (-58)/c).
23
What are the prime factors of 1 - -5 - (-388 + 39)?
5, 71
Let t = -560 + 788. Suppose -d + t = 5*d. What are the prime factors of d?
2, 19
Let l = -545 + 1100. What are the prime factors of l?
3, 5, 37
Let k(z) = z**2 + 23*z + 1. List the prime factors of k(-28).
3, 47
Let p(l) = 3*l**3 - 11*l**2 - 6*l + 1. What are the prime factors of p(6)?
7, 31
Suppose 5*u - 15 = -4*k, -u - k + 3 = k. Let l(q) = -2*q + 3 + 3 - u + 2*q**2 + 2. What are the prime factors of l(-4)?
3, 5
Suppose 2*c = -c + 2*f - 38, 9 = -c - 3*f. Let s = c + 47. List the prime factors of s.
5, 7
Suppose 12 + 3 = 5*c. Suppose c*u - 2 - 338 = -5*t, 0 = 2*t - u - 147. Let i = -36 + t. What are the prime factors of i?
5, 7
Let r be (-1)/2*2*2. What are the prime factors of 111 + (3 + -1 - r)?
5, 23
Let n(h) = 5*h**3 + h**2 - 10*h - 4. Let b be n(4). Suppose 2*c = -3*w - 0*c + 172, -5*w = -2*c - b. List the prime factors of w.
2, 29
Suppose 4*i - 1 = r + 2, -3*r = i - 17. Suppose 4*s = -r*x + 506, 2*x - 3*s - 309 = -x. List the prime factors of x.
2, 3, 17
Let y = 12 - 8. Suppose -y*s = -2*g - 11 - 33, 3*s - 43 = 4*g. Let w = s + -5. List the prime factors of w.
2
Let r = -72 + 75. What are the prime factors of ((r - 0) + -37)/(-1)?
2, 17
Suppose 4*b = 2*b + 160. What are the prime factors of (-3)/(-12)*b/4?
5
Let n = 12 + 6. Suppose -n + 6 = -3*i. Suppose 3*t + 4*u = -u + 196, -3*u = -i*t + 213. List the prime factors of t.
3, 19
Let s be 1*3*(-1 + 2). Let j = -170 - -311. Suppose -s*z + j = 9. List the prime factors of z.
2, 11
Suppose -113*g + 186786 = -32*g. What are the prime factors of g?
2, 1153
List the prime factors of (3 - (-85)/(-10))*-206.
11, 103
Let x be (3/(-2))/(1/4*-2). Let s(h) = h**3 - 3*h**2 + 4*h. List the prime factors of s(x).
2, 3
Let h be (-2)/((-96)/(-47) - 2). Let p = 29 + 38. Let i = h + p. What are the prime factors of i?
2, 5
List the prime factors of (0 + 2)*31046/38.
2, 19, 43
Let t(d) = d**2 - 5*d + 1. Let q be (-32)/(-5) - (-8)/(-20). Let z be t(q). What are the prime factors of (-1)/(-2)*2*z?
7
Let a = 179 